{"id":422,"date":"2021-04-16T21:58:11","date_gmt":"2021-04-16T19:58:11","guid":{"rendered":"http:\/\/www.praxis-ilsegassner.com.li\/?page_id=422"},"modified":"2021-05-13T16:51:55","modified_gmt":"2021-05-13T14:51:55","slug":"saeuren-basen-ernaehrung","status":"publish","type":"page","link":"https:\/\/www.praxis-ilsegassner.li\/?page_id=422","title":{"rendered":"S\u00e4uren-Basen-Ern\u00e4hrung"},"content":{"rendered":"\t\t<div data-elementor-type=\"wp-page\" data-elementor-id=\"422\" class=\"elementor elementor-422\">\n\t\t\t\t\t\t<section class=\"elementor-section elementor-top-section elementor-element elementor-element-cf8122f elementor-section-boxed elementor-section-height-default elementor-section-height-default\" data-id=\"cf8122f\" data-element_type=\"section\">\n\t\t\t\t\t\t\t<div class=\"elementor-background-overlay\"><\/div>\n\t\t\t\t\t\t\t<div class=\"elementor-container elementor-column-gap-default\">\n\t\t\t\t\t<div class=\"elementor-column elementor-col-100 elementor-top-column elementor-element elementor-element-9728c11\" data-id=\"9728c11\" data-element_type=\"column\">\n\t\t\t<div class=\"elementor-widget-wrap elementor-element-populated\">\n\t\t\t\t\t\t<div class=\"elementor-element elementor-element-744a6d6 elementor-widget elementor-widget-text-editor\" data-id=\"744a6d6\" data-element_type=\"widget\" data-widget_type=\"text-editor.default\">\n\t\t\t\t<div class=\"elementor-widget-container\">\n\t\t\t\t\t\t\t\t\t<h3>S\u00e4ure-Basen-Gleichgewicht<\/h3><p>\u00a0<\/p><p>Eine gesunde Ern\u00e4hrung ist die Basis f\u00fcr ein gesundes Leben. Sie f\u00f6rdert Leistung und Wohlbefinden und versorgt den Organismus mit allem, was er braucht.<\/p><p>\u00a0<\/p><p>Unsere heutige Lebensweise hat oft zur Folge, dass f\u00fcr gesunde Ern\u00e4hrung wenig Zeit zur Verf\u00fcgung steht. Es muss alles schnell gehen, vom Einkaufen \u00fcbers Kochen und auch das Essen selber darf nur wenig Zeit in Anspruch nehmen. Ein Fertigprodukt, ein Sandwich oder ein schnelles Essen in einer Kantine ist dann oftmals die momentan einfachste L\u00f6sung. Und weil es auch nicht unmittelbar zu Beschwerden kommt, scheint es ja auch zu passen. Auf die Dauer aber, f\u00fchren solche Essgewohnheiten zu einer Anh\u00e4ufung von S\u00e4uren im K\u00f6rper.<\/p><p>\u00a0<\/p><p>Je nach Konstitution eines Menschen kann der Organismus eine \u00dcbers\u00e4uerung oft jahrelang kompensieren. Allerdings sind die Reserven irgendwann ersch\u00f6pft und es treten die ersten Symptome auf. Zu dem Zeitpunkt ahnen die wenigsten, dass ihre \u00dcbers\u00e4uerung massgeblich an der Entstehung ihrer Symptome beteiligt war.<\/p><p>\u00a0<\/p><p>Der Betroffene f\u00fchlt sich schlapp, ist st\u00e4ndig m\u00fcde, tr\u00e4ge und ohne Energie. Irgendwann k\u00f6nnen dann verschiedene andere Symptome dazu kommen. Hautunreinheiten, Pickel, Zahnprobleme, Verdauungsbeschwerden, Bl\u00e4hungen, Kopfschmerzen, Migr\u00e4ne, Muskelverspannungen, Gelenkschmerzen uvm.<\/p><p>\u00a0<\/p><p>Jeder Mensch m\u00f6chte gesund alt werden \u2013 sp\u00e4testens jetzt m\u00fcssen Sie etwas daf\u00fcr tun.<\/p><p>\u00a0<\/p><p>Mit einer basischen Ern\u00e4hrung k\u00f6nnen Sie Ihren S\u00e4ure-Basen-Haushalt wieder ins Gleichgewicht bringen. Dabei bekommt Ihr K\u00f6rper alle notwendigen N\u00e4hr-und Vitalstoffe, die er braucht, um gesund werden zu k\u00f6nnen. Die Lebensmittel sind meist pflanzlich, enthalten hochwertige Kohlenhydrate, gesunde Fette und Eiweisse sowie basenbildende Mineralstoffe und Vitamine, die einer \u00dcbers\u00e4uerung des Organismus gezielt entgegenwirken.<\/p>\t\t\t\t\t\t\t\t<\/div>\n\t\t\t\t<\/div>\n\t\t\t\t\t<\/div>\n\t\t<\/div>\n\t\t\t\t\t<\/div>\n\t\t<\/section>\n\t\t\t\t<section class=\"elementor-section elementor-top-section elementor-element elementor-element-f40aa92 elementor-section-boxed elementor-section-height-default elementor-section-height-default\" data-id=\"f40aa92\" data-element_type=\"section\">\n\t\t\t\t\t\t<div class=\"elementor-container elementor-column-gap-default\">\n\t\t\t\t\t<div class=\"elementor-column elementor-col-100 elementor-top-column elementor-element elementor-element-67045c8\" data-id=\"67045c8\" data-element_type=\"column\">\n\t\t\t<div class=\"elementor-widget-wrap elementor-element-populated\">\n\t\t\t\t\t\t<div class=\"elementor-element elementor-element-a0d39b6 elementor-widget elementor-widget-text-editor\" data-id=\"a0d39b6\" data-element_type=\"widget\" data-widget_type=\"text-editor.default\">\n\t\t\t\t<div class=\"elementor-widget-container\">\n\t\t\t\t\t\t\t\t\t<p><a href=\"http:\/\/www.praxis-ilsegassner.li\/?page_id=395\">zur\u00fcck zur \u00dcbersicht<\/a><\/p>\t\t\t\t\t\t\t\t<\/div>\n\t\t\t\t<\/div>\n\t\t\t\t<div class=\"elementor-element elementor-element-8103c84 elementor-widget-divider--view-line elementor-widget elementor-widget-divider\" data-id=\"8103c84\" data-element_type=\"widget\" data-widget_type=\"divider.default\">\n\t\t\t\t<div class=\"elementor-widget-container\">\n\t\t\t\t\t\t\t<div class=\"elementor-divider\">\n\t\t\t<span class=\"elementor-divider-separator\">\n\t\t\t\t\t\t<\/span>\n\t\t<\/div>\n\t\t\t\t\t\t<\/div>\n\t\t\t\t<\/div>\n\t\t\t\t\t<\/div>\n\t\t<\/div>\n\t\t\t\t\t<\/div>\n\t\t<\/section>\n\t\t\t\t<section class=\"elementor-section elementor-top-section elementor-element elementor-element-15ff29f elementor-section-boxed elementor-section-height-default elementor-section-height-default\" data-id=\"15ff29f\" data-element_type=\"section\">\n\t\t\t\t\t\t<div class=\"elementor-container elementor-column-gap-default\">\n\t\t\t\t\t<div class=\"elementor-column elementor-col-100 elementor-top-column elementor-element elementor-element-72730df\" data-id=\"72730df\" data-element_type=\"column\">\n\t\t\t<div class=\"elementor-widget-wrap elementor-element-populated\">\n\t\t\t\t\t\t<div class=\"elementor-element elementor-element-fc90d60 elementor-widget__width-initial elementor-widget elementor-widget-text-editor\" data-id=\"fc90d60\" data-element_type=\"widget\" data-widget_type=\"text-editor.default\">\n\t\t\t\t<div class=\"elementor-widget-container\">\n\t\t\t\t\t\t\t\t\t<p>Naturheilpraxis Ilse Gassner-Gst\u00f6hl<br \/>Bahnstrasse 54<br \/>9494 Schaan<\/p><p>praxis@ilsegassner.li<br \/>+423 233 29 60<\/p>\t\t\t\t\t\t\t\t<\/div>\n\t\t\t\t<\/div>\n\t\t\t\t\t<\/div>\n\t\t<\/div>\n\t\t\t\t\t<\/div>\n\t\t<\/section>\n\t\t\t\t<\/div>\n\t\t","protected":false},"excerpt":{"rendered":"<p>S\u00e4ure-Basen-Gleichgewicht \u00a0 Eine gesunde Ern\u00e4hrung ist die Basis f\u00fcr ein gesundes Leben. Sie f\u00f6rdert Leistung und Wohlbefinden und versorgt den Organismus mit allem, was er braucht. \u00a0 Unsere heutige Lebensweise hat oft zur Folge, dass f\u00fcr gesunde Ern\u00e4hrung wenig Zeit zur Verf\u00fcgung steht. Es muss alles schnell gehen, vom Einkaufen \u00fcbers Kochen und auch das [&hellip;]<\/p>\n","protected":false},"author":1,"featured_media":0,"parent":0,"menu_order":0,"comment_status":"closed","ping_status":"closed","template":"elementor_header_footer","meta":{"footnotes":""},"class_list":["post-422","page","type-page","status-publish","hentry"],"yoast_head":"<!-- This site is optimized with the Yoast SEO plugin v27.4 - https:\/\/yoast.com\/product\/yoast-seo-wordpress\/ -->\n<title>S\u00e4uren Basen Ern\u00e4hrung<\/title>\n<meta name=\"description\" content=\"Eine gesunde Ern\u00e4hrung ist die Basis f\u00fcr ein gesundes Leben. Sie f\u00f6rdert Leistung und Wohlbefinden und versorgt den Organismus mit allem, was er braucht. Mit einer basischen Ern\u00e4hrung k\u00f6nnen Sie Ihren S\u00e4ure-Basen-Haushalt wieder ins Gleichgewicht bringen. Dabei bekommt Ihr K\u00f6rper alle notwendigen N\u00e4hr-und Vitalstoffe, die er braucht, um gesund werden zu k\u00f6nnen.\" \/>\n<meta name=\"robots\" content=\"index, follow, max-snippet:-1, max-image-preview:large, max-video-preview:-1\" \/>\n<link rel=\"canonical\" href=\"https:\/\/www.praxis-ilsegassner.li\/?page_id=422\" \/>\n<meta property=\"og:locale\" content=\"de_DE\" \/>\n<meta property=\"og:type\" content=\"article\" \/>\n<meta property=\"og:title\" content=\"S\u00e4uren Basen Ern\u00e4hrung\" \/>\n<meta property=\"og:description\" content=\"Eine gesunde Ern\u00e4hrung ist die Basis f\u00fcr ein gesundes Leben. Sie f\u00f6rdert Leistung und Wohlbefinden und versorgt den Organismus mit allem, was er braucht. Mit einer basischen Ern\u00e4hrung k\u00f6nnen Sie Ihren S\u00e4ure-Basen-Haushalt wieder ins Gleichgewicht bringen. Dabei bekommt Ihr K\u00f6rper alle notwendigen N\u00e4hr-und Vitalstoffe, die er braucht, um gesund werden zu k\u00f6nnen.\" \/>\n<meta property=\"og:url\" content=\"https:\/\/www.praxis-ilsegassner.li\/?page_id=422\" \/>\n<meta property=\"og:site_name\" content=\"Naturheilpraxis Ilse Gassner\" \/>\n<meta property=\"article:modified_time\" content=\"2021-05-13T14:51:55+00:00\" \/>\n<meta name=\"twitter:card\" content=\"summary_large_image\" \/>\n<meta name=\"twitter:label1\" content=\"Gesch\u00e4tzte Lesezeit\" \/>\n\t<meta name=\"twitter:data1\" content=\"2\u00a0Minuten\" \/>\n<script type=\"application\/ld+json\" class=\"yoast-schema-graph\">{\"@context\":\"https:\\\/\\\/schema.org\",\"@graph\":[{\"@type\":\"WebPage\",\"@id\":\"https:\\\/\\\/www.praxis-ilsegassner.li\\\/?page_id=422\",\"url\":\"https:\\\/\\\/www.praxis-ilsegassner.li\\\/?page_id=422\",\"name\":\"S\u00e4uren Basen Ern\u00e4hrung\",\"isPartOf\":{\"@id\":\"https:\\\/\\\/www.praxis-ilsegassner.li\\\/#website\"},\"datePublished\":\"2021-04-16T19:58:11+00:00\",\"dateModified\":\"2021-05-13T14:51:55+00:00\",\"description\":\"Eine gesunde Ern\u00e4hrung ist die Basis f\u00fcr ein gesundes Leben. Sie f\u00f6rdert Leistung und Wohlbefinden und versorgt den Organismus mit allem, was er braucht. Mit einer basischen Ern\u00e4hrung k\u00f6nnen Sie Ihren S\u00e4ure-Basen-Haushalt wieder ins Gleichgewicht bringen. Dabei bekommt Ihr K\u00f6rper alle notwendigen N\u00e4hr-und Vitalstoffe, die er braucht, um gesund werden zu k\u00f6nnen.\",\"breadcrumb\":{\"@id\":\"https:\\\/\\\/www.praxis-ilsegassner.li\\\/?page_id=422#breadcrumb\"},\"inLanguage\":\"de\",\"potentialAction\":[{\"@type\":\"ReadAction\",\"target\":[\"https:\\\/\\\/www.praxis-ilsegassner.li\\\/?page_id=422\"]}]},{\"@type\":\"BreadcrumbList\",\"@id\":\"https:\\\/\\\/www.praxis-ilsegassner.li\\\/?page_id=422#breadcrumb\",\"itemListElement\":[{\"@type\":\"ListItem\",\"position\":1,\"name\":\"Startseite\",\"item\":\"https:\\\/\\\/www.praxis-ilsegassner.li\\\/\"},{\"@type\":\"ListItem\",\"position\":2,\"name\":\"S\u00e4uren-Basen-Ern\u00e4hrung\"}]},{\"@type\":\"WebSite\",\"@id\":\"https:\\\/\\\/www.praxis-ilsegassner.li\\\/#website\",\"url\":\"https:\\\/\\\/www.praxis-ilsegassner.li\\\/\",\"name\":\"Naturheilpraxis Ilse Gassner\",\"description\":\"Gesundheit hat viele Facetten\",\"publisher\":{\"@id\":\"https:\\\/\\\/www.praxis-ilsegassner.li\\\/#organization\"},\"potentialAction\":[{\"@type\":\"SearchAction\",\"target\":{\"@type\":\"EntryPoint\",\"urlTemplate\":\"https:\\\/\\\/www.praxis-ilsegassner.li\\\/?s={search_term_string}\"},\"query-input\":{\"@type\":\"PropertyValueSpecification\",\"valueRequired\":true,\"valueName\":\"search_term_string\"}}],\"inLanguage\":\"de\"},{\"@type\":\"Organization\",\"@id\":\"https:\\\/\\\/www.praxis-ilsegassner.li\\\/#organization\",\"name\":\"Naturheilpraxis Ilse Gassner\",\"url\":\"https:\\\/\\\/www.praxis-ilsegassner.li\\\/\",\"logo\":{\"@type\":\"ImageObject\",\"inLanguage\":\"de\",\"@id\":\"https:\\\/\\\/www.praxis-ilsegassner.li\\\/#\\\/schema\\\/logo\\\/image\\\/\",\"url\":\"https:\\\/\\\/www.praxis-ilsegassner.li\\\/wp-content\\\/uploads\\\/2021\\\/04\\\/O-Praxislogo_Gassner_Gst_hl.jpg\",\"contentUrl\":\"https:\\\/\\\/www.praxis-ilsegassner.li\\\/wp-content\\\/uploads\\\/2021\\\/04\\\/O-Praxislogo_Gassner_Gst_hl.jpg\",\"width\":827,\"height\":299,\"caption\":\"Naturheilpraxis Ilse Gassner\"},\"image\":{\"@id\":\"https:\\\/\\\/www.praxis-ilsegassner.li\\\/#\\\/schema\\\/logo\\\/image\\\/\"}}]}<\/script>\n<!-- \/ Yoast SEO plugin. -->","yoast_head_json":{"title":"S\u00e4uren Basen Ern\u00e4hrung","description":"Eine gesunde Ern\u00e4hrung ist die Basis f\u00fcr ein gesundes Leben. Sie f\u00f6rdert Leistung und Wohlbefinden und versorgt den Organismus mit allem, was er braucht. Mit einer basischen Ern\u00e4hrung k\u00f6nnen Sie Ihren S\u00e4ure-Basen-Haushalt wieder ins Gleichgewicht bringen. Dabei bekommt Ihr K\u00f6rper alle notwendigen N\u00e4hr-und Vitalstoffe, die er braucht, um gesund werden zu k\u00f6nnen.","robots":{"index":"index","follow":"follow","max-snippet":"max-snippet:-1","max-image-preview":"max-image-preview:large","max-video-preview":"max-video-preview:-1"},"canonical":"https:\/\/www.praxis-ilsegassner.li\/?page_id=422","og_locale":"de_DE","og_type":"article","og_title":"S\u00e4uren Basen Ern\u00e4hrung","og_description":"Eine gesunde Ern\u00e4hrung ist die Basis f\u00fcr ein gesundes Leben. Sie f\u00f6rdert Leistung und Wohlbefinden und versorgt den Organismus mit allem, was er braucht. Mit einer basischen Ern\u00e4hrung k\u00f6nnen Sie Ihren S\u00e4ure-Basen-Haushalt wieder ins Gleichgewicht bringen. Dabei bekommt Ihr K\u00f6rper alle notwendigen N\u00e4hr-und Vitalstoffe, die er braucht, um gesund werden zu k\u00f6nnen.","og_url":"https:\/\/www.praxis-ilsegassner.li\/?page_id=422","og_site_name":"Naturheilpraxis Ilse Gassner","article_modified_time":"2021-05-13T14:51:55+00:00","twitter_card":"summary_large_image","twitter_misc":{"Gesch\u00e4tzte Lesezeit":"2\u00a0Minuten"},"schema":{"@context":"https:\/\/schema.org","@graph":[{"@type":"WebPage","@id":"https:\/\/www.praxis-ilsegassner.li\/?page_id=422","url":"https:\/\/www.praxis-ilsegassner.li\/?page_id=422","name":"S\u00e4uren Basen Ern\u00e4hrung","isPartOf":{"@id":"https:\/\/www.praxis-ilsegassner.li\/#website"},"datePublished":"2021-04-16T19:58:11+00:00","dateModified":"2021-05-13T14:51:55+00:00","description":"Eine gesunde Ern\u00e4hrung ist die Basis f\u00fcr ein gesundes Leben. Sie f\u00f6rdert Leistung und Wohlbefinden und versorgt den Organismus mit allem, was er braucht. Mit einer basischen Ern\u00e4hrung k\u00f6nnen Sie Ihren S\u00e4ure-Basen-Haushalt wieder ins Gleichgewicht bringen. Dabei bekommt Ihr K\u00f6rper alle notwendigen N\u00e4hr-und Vitalstoffe, die er braucht, um gesund werden zu k\u00f6nnen.","breadcrumb":{"@id":"https:\/\/www.praxis-ilsegassner.li\/?page_id=422#breadcrumb"},"inLanguage":"de","potentialAction":[{"@type":"ReadAction","target":["https:\/\/www.praxis-ilsegassner.li\/?page_id=422"]}]},{"@type":"BreadcrumbList","@id":"https:\/\/www.praxis-ilsegassner.li\/?page_id=422#breadcrumb","itemListElement":[{"@type":"ListItem","position":1,"name":"Startseite","item":"https:\/\/www.praxis-ilsegassner.li\/"},{"@type":"ListItem","position":2,"name":"S\u00e4uren-Basen-Ern\u00e4hrung"}]},{"@type":"WebSite","@id":"https:\/\/www.praxis-ilsegassner.li\/#website","url":"https:\/\/www.praxis-ilsegassner.li\/","name":"Naturheilpraxis Ilse Gassner","description":"Gesundheit hat viele Facetten","publisher":{"@id":"https:\/\/www.praxis-ilsegassner.li\/#organization"},"potentialAction":[{"@type":"SearchAction","target":{"@type":"EntryPoint","urlTemplate":"https:\/\/www.praxis-ilsegassner.li\/?s={search_term_string}"},"query-input":{"@type":"PropertyValueSpecification","valueRequired":true,"valueName":"search_term_string"}}],"inLanguage":"de"},{"@type":"Organization","@id":"https:\/\/www.praxis-ilsegassner.li\/#organization","name":"Naturheilpraxis Ilse Gassner","url":"https:\/\/www.praxis-ilsegassner.li\/","logo":{"@type":"ImageObject","inLanguage":"de","@id":"https:\/\/www.praxis-ilsegassner.li\/#\/schema\/logo\/image\/","url":"https:\/\/www.praxis-ilsegassner.li\/wp-content\/uploads\/2021\/04\/O-Praxislogo_Gassner_Gst_hl.jpg","contentUrl":"https:\/\/www.praxis-ilsegassner.li\/wp-content\/uploads\/2021\/04\/O-Praxislogo_Gassner_Gst_hl.jpg","width":827,"height":299,"caption":"Naturheilpraxis Ilse Gassner"},"image":{"@id":"https:\/\/www.praxis-ilsegassner.li\/#\/schema\/logo\/image\/"}}]}},"_links":{"self":[{"href":"https:\/\/www.praxis-ilsegassner.li\/index.php?rest_route=\/wp\/v2\/pages\/422","targetHints":{"allow":["GET"]}}],"collection":[{"href":"https:\/\/www.praxis-ilsegassner.li\/index.php?rest_route=\/wp\/v2\/pages"}],"about":[{"href":"https:\/\/www.praxis-ilsegassner.li\/index.php?rest_route=\/wp\/v2\/types\/page"}],"author":[{"embeddable":true,"href":"https:\/\/www.praxis-ilsegassner.li\/index.php?rest_route=\/wp\/v2\/users\/1"}],"replies":[{"embeddable":true,"href":"https:\/\/www.praxis-ilsegassner.li\/index.php?rest_route=%2Fwp%2Fv2%2Fcomments&post=422"}],"version-history":[{"count":10,"href":"https:\/\/www.praxis-ilsegassner.li\/index.php?rest_route=\/wp\/v2\/pages\/422\/revisions"}],"predecessor-version":[{"id":1000,"href":"https:\/\/www.praxis-ilsegassner.li\/index.php?rest_route=\/wp\/v2\/pages\/422\/revisions\/1000"}],"wp:attachment":[{"href":"https:\/\/www.praxis-ilsegassner.li\/index.php?rest_route=%2Fwp%2Fv2%2Fmedia&parent=422"}],"curies":[{"name":"wp","href":"https:\/\/api.w.org\/{rel}","templated":true}]}}