{"id":464,"date":"2021-04-16T22:28:02","date_gmt":"2021-04-16T20:28:02","guid":{"rendered":"http:\/\/www.praxis-ilsegassner.com.li\/?page_id=464"},"modified":"2021-05-13T17:12:31","modified_gmt":"2021-05-13T15:12:31","slug":"dorn-breuss-massage","status":"publish","type":"page","link":"https:\/\/www.praxis-ilsegassner.li\/?page_id=464","title":{"rendered":"Dorn-Breuss-Massage"},"content":{"rendered":"\t\t<div data-elementor-type=\"wp-page\" data-elementor-id=\"464\" class=\"elementor elementor-464\">\n\t\t\t\t\t\t<section class=\"elementor-section elementor-top-section elementor-element elementor-element-cf8122f elementor-section-boxed elementor-section-height-default elementor-section-height-default\" data-id=\"cf8122f\" data-element_type=\"section\">\n\t\t\t\t\t\t\t<div class=\"elementor-background-overlay\"><\/div>\n\t\t\t\t\t\t\t<div class=\"elementor-container elementor-column-gap-default\">\n\t\t\t\t\t<div class=\"elementor-column elementor-col-100 elementor-top-column elementor-element elementor-element-9728c11\" data-id=\"9728c11\" data-element_type=\"column\">\n\t\t\t<div class=\"elementor-widget-wrap elementor-element-populated\">\n\t\t\t\t\t\t<div class=\"elementor-element elementor-element-744a6d6 elementor-widget elementor-widget-text-editor\" data-id=\"744a6d6\" data-element_type=\"widget\" data-widget_type=\"text-editor.default\">\n\t\t\t\t<div class=\"elementor-widget-container\">\n\t\t\t\t\t\t\t\t\t<h3>Wirbels\u00e4ulentherapie nach Dorn<\/h3><p>Die heutige Lebenssituation mit Bewegungsmangel, einseitiger Belastung durch sitzende T\u00e4tigkeiten f\u00fchrt zu Fehlstellungen des Beckens und der Wirbels\u00e4ule. Das erkannte Dieter Dorn in den 70-er Jahren und entwickelte die \u00abDorn Therapie\u00bb.<\/p><p>\u00a0<\/p><p>Diese Fehlbelastung des Beckens und der Wirbels\u00e4ule f\u00fchrt schliesslich zu einem \u00abBeckenschiefstand\u00bb und in der Folge kommt es zu einer scheinbaren Beinl\u00e4ngendifferenz, was wiederum zu Fehlbelastungen der einzelnen Gelenke im Fuss, Knie und H\u00fcfte f\u00fchrt.<\/p><p>\u00a0<\/p><p>Da jede Bewegung auf einem feinen Zusammenspiel mehrerer Muskeln, Gelenke, Knochen, Nerven etc. beruht, kann auch eine zu harte oder einseitig verspannte Muskulatur die Wirbel aus ihrer Achse ziehen. Ist ein Wirbel verschoben, k\u00f6nnen die aus der Wirbels\u00e4ule austretenden Nerven so irritiert werden, dass sie Schmerzen und sogar Funktionsst\u00f6rungen innerer Organe ausl\u00f6sen.<\/p><p>\u00a0<\/p><p>Bei der Wirbels\u00e4ulentherapie nach Dorn werden die Beinl\u00e4ngen kontrolliert und korrigiert. Gelenke, Becken und Wirbel werden durch sanften Druck wieder in ihre Position gebracht. Unterst\u00fctzt wird die Manipulation teilweise durch rhythmische, vom Patienten ausgef\u00fchrte Bewegungen, sodass die Wirbel wieder in die richtige Position gelangen. Im Anschluss daran wird bei einer wohltuenden Massage die Muskulatur gedehnt und gelockert, sodass sich die Muskelspannung l\u00f6st und die Wirbel in der Achse bleiben.<\/p>\t\t\t\t\t\t\t\t<\/div>\n\t\t\t\t<\/div>\n\t\t\t\t\t<\/div>\n\t\t<\/div>\n\t\t\t\t\t<\/div>\n\t\t<\/section>\n\t\t\t\t<section class=\"elementor-section elementor-top-section elementor-element elementor-element-f40aa92 elementor-section-boxed elementor-section-height-default elementor-section-height-default\" data-id=\"f40aa92\" data-element_type=\"section\">\n\t\t\t\t\t\t<div class=\"elementor-container elementor-column-gap-default\">\n\t\t\t\t\t<div class=\"elementor-column elementor-col-100 elementor-top-column elementor-element elementor-element-67045c8\" data-id=\"67045c8\" data-element_type=\"column\">\n\t\t\t<div class=\"elementor-widget-wrap elementor-element-populated\">\n\t\t\t\t\t\t<div class=\"elementor-element elementor-element-a0d39b6 elementor-widget elementor-widget-text-editor\" data-id=\"a0d39b6\" data-element_type=\"widget\" data-widget_type=\"text-editor.default\">\n\t\t\t\t<div class=\"elementor-widget-container\">\n\t\t\t\t\t\t\t\t\t<p><a href=\"http:\/\/www.praxis-ilsegassner.li\/?page_id=438\">zur\u00fcck zur \u00dcbersicht<\/a><\/p>\t\t\t\t\t\t\t\t<\/div>\n\t\t\t\t<\/div>\n\t\t\t\t<div class=\"elementor-element elementor-element-8103c84 elementor-widget-divider--view-line elementor-widget elementor-widget-divider\" data-id=\"8103c84\" data-element_type=\"widget\" data-widget_type=\"divider.default\">\n\t\t\t\t<div class=\"elementor-widget-container\">\n\t\t\t\t\t\t\t<div class=\"elementor-divider\">\n\t\t\t<span class=\"elementor-divider-separator\">\n\t\t\t\t\t\t<\/span>\n\t\t<\/div>\n\t\t\t\t\t\t<\/div>\n\t\t\t\t<\/div>\n\t\t\t\t\t<\/div>\n\t\t<\/div>\n\t\t\t\t\t<\/div>\n\t\t<\/section>\n\t\t\t\t<section class=\"elementor-section elementor-top-section elementor-element elementor-element-15ff29f elementor-section-boxed elementor-section-height-default elementor-section-height-default\" data-id=\"15ff29f\" data-element_type=\"section\">\n\t\t\t\t\t\t<div class=\"elementor-container elementor-column-gap-default\">\n\t\t\t\t\t<div class=\"elementor-column elementor-col-100 elementor-top-column elementor-element elementor-element-72730df\" data-id=\"72730df\" data-element_type=\"column\">\n\t\t\t<div class=\"elementor-widget-wrap elementor-element-populated\">\n\t\t\t\t\t\t<div class=\"elementor-element elementor-element-fc90d60 elementor-widget__width-initial elementor-widget elementor-widget-text-editor\" data-id=\"fc90d60\" data-element_type=\"widget\" data-widget_type=\"text-editor.default\">\n\t\t\t\t<div class=\"elementor-widget-container\">\n\t\t\t\t\t\t\t\t\t<p>Naturheilpraxis Ilse Gassner-Gst\u00f6hl<br \/>Bahnstrasse 54<br \/>9494 Schaan<\/p><p>praxis@ilsegassner.li<br \/>+423 233 29 60<\/p>\t\t\t\t\t\t\t\t<\/div>\n\t\t\t\t<\/div>\n\t\t\t\t\t<\/div>\n\t\t<\/div>\n\t\t\t\t\t<\/div>\n\t\t<\/section>\n\t\t\t\t<\/div>\n\t\t","protected":false},"excerpt":{"rendered":"<p>Wirbels\u00e4ulentherapie nach Dorn Die heutige Lebenssituation mit Bewegungsmangel, einseitiger Belastung durch sitzende T\u00e4tigkeiten f\u00fchrt zu Fehlstellungen des Beckens und der Wirbels\u00e4ule. Das erkannte Dieter Dorn in den 70-er Jahren und entwickelte die \u00abDorn Therapie\u00bb. \u00a0 Diese Fehlbelastung des Beckens und der Wirbels\u00e4ule f\u00fchrt schliesslich zu einem \u00abBeckenschiefstand\u00bb und in der Folge kommt es zu einer [&hellip;]<\/p>\n","protected":false},"author":1,"featured_media":0,"parent":0,"menu_order":0,"comment_status":"closed","ping_status":"closed","template":"elementor_header_footer","meta":{"footnotes":""},"class_list":["post-464","page","type-page","status-publish","hentry"],"yoast_head":"<!-- This site is optimized with the Yoast SEO plugin v27.4 - https:\/\/yoast.com\/product\/yoast-seo-wordpress\/ -->\n<title>Dorn Breuss Massage<\/title>\n<meta name=\"description\" content=\"Bei der Wirbels\u00e4ulentherapie nach Dorn werden die Beinl\u00e4ngen kontrolliert und korrigiert. Gelenke, Becken und Wirbel werden durch sanften Druck wieder in ihre Position gebracht. Unterst\u00fctzt wird die Manipulation teilweise durch rhythmische, vom Patienten ausgef\u00fchrte Bewegungen, sodass die Wirbel wieder in die richtige Position gelangen.\" \/>\n<meta name=\"robots\" content=\"index, follow, max-snippet:-1, max-image-preview:large, max-video-preview:-1\" \/>\n<link rel=\"canonical\" href=\"https:\/\/www.praxis-ilsegassner.li\/?page_id=464\" \/>\n<meta property=\"og:locale\" content=\"de_DE\" \/>\n<meta property=\"og:type\" content=\"article\" \/>\n<meta property=\"og:title\" content=\"Dorn Breuss Massage\" \/>\n<meta property=\"og:description\" content=\"Bei der Wirbels\u00e4ulentherapie nach Dorn werden die Beinl\u00e4ngen kontrolliert und korrigiert. Gelenke, Becken und Wirbel werden durch sanften Druck wieder in ihre Position gebracht. Unterst\u00fctzt wird die Manipulation teilweise durch rhythmische, vom Patienten ausgef\u00fchrte Bewegungen, sodass die Wirbel wieder in die richtige Position gelangen.\" \/>\n<meta property=\"og:url\" content=\"https:\/\/www.praxis-ilsegassner.li\/?page_id=464\" \/>\n<meta property=\"og:site_name\" content=\"Naturheilpraxis Ilse Gassner\" \/>\n<meta property=\"article:modified_time\" content=\"2021-05-13T15:12:31+00:00\" \/>\n<meta name=\"twitter:card\" content=\"summary_large_image\" \/>\n<meta name=\"twitter:label1\" content=\"Gesch\u00e4tzte Lesezeit\" \/>\n\t<meta name=\"twitter:data1\" content=\"1\u00a0Minute\" \/>\n<script type=\"application\/ld+json\" class=\"yoast-schema-graph\">{\"@context\":\"https:\\\/\\\/schema.org\",\"@graph\":[{\"@type\":\"WebPage\",\"@id\":\"https:\\\/\\\/www.praxis-ilsegassner.li\\\/?page_id=464\",\"url\":\"https:\\\/\\\/www.praxis-ilsegassner.li\\\/?page_id=464\",\"name\":\"Dorn Breuss Massage\",\"isPartOf\":{\"@id\":\"https:\\\/\\\/www.praxis-ilsegassner.li\\\/#website\"},\"datePublished\":\"2021-04-16T20:28:02+00:00\",\"dateModified\":\"2021-05-13T15:12:31+00:00\",\"description\":\"Bei der Wirbels\u00e4ulentherapie nach Dorn werden die Beinl\u00e4ngen kontrolliert und korrigiert. Gelenke, Becken und Wirbel werden durch sanften Druck wieder in ihre Position gebracht. Unterst\u00fctzt wird die Manipulation teilweise durch rhythmische, vom Patienten ausgef\u00fchrte Bewegungen, sodass die Wirbel wieder in die richtige Position gelangen.\",\"breadcrumb\":{\"@id\":\"https:\\\/\\\/www.praxis-ilsegassner.li\\\/?page_id=464#breadcrumb\"},\"inLanguage\":\"de\",\"potentialAction\":[{\"@type\":\"ReadAction\",\"target\":[\"https:\\\/\\\/www.praxis-ilsegassner.li\\\/?page_id=464\"]}]},{\"@type\":\"BreadcrumbList\",\"@id\":\"https:\\\/\\\/www.praxis-ilsegassner.li\\\/?page_id=464#breadcrumb\",\"itemListElement\":[{\"@type\":\"ListItem\",\"position\":1,\"name\":\"Startseite\",\"item\":\"https:\\\/\\\/www.praxis-ilsegassner.li\\\/\"},{\"@type\":\"ListItem\",\"position\":2,\"name\":\"Dorn-Breuss-Massage\"}]},{\"@type\":\"WebSite\",\"@id\":\"https:\\\/\\\/www.praxis-ilsegassner.li\\\/#website\",\"url\":\"https:\\\/\\\/www.praxis-ilsegassner.li\\\/\",\"name\":\"Naturheilpraxis Ilse Gassner\",\"description\":\"Gesundheit hat viele Facetten\",\"publisher\":{\"@id\":\"https:\\\/\\\/www.praxis-ilsegassner.li\\\/#organization\"},\"potentialAction\":[{\"@type\":\"SearchAction\",\"target\":{\"@type\":\"EntryPoint\",\"urlTemplate\":\"https:\\\/\\\/www.praxis-ilsegassner.li\\\/?s={search_term_string}\"},\"query-input\":{\"@type\":\"PropertyValueSpecification\",\"valueRequired\":true,\"valueName\":\"search_term_string\"}}],\"inLanguage\":\"de\"},{\"@type\":\"Organization\",\"@id\":\"https:\\\/\\\/www.praxis-ilsegassner.li\\\/#organization\",\"name\":\"Naturheilpraxis Ilse Gassner\",\"url\":\"https:\\\/\\\/www.praxis-ilsegassner.li\\\/\",\"logo\":{\"@type\":\"ImageObject\",\"inLanguage\":\"de\",\"@id\":\"https:\\\/\\\/www.praxis-ilsegassner.li\\\/#\\\/schema\\\/logo\\\/image\\\/\",\"url\":\"https:\\\/\\\/www.praxis-ilsegassner.li\\\/wp-content\\\/uploads\\\/2021\\\/04\\\/O-Praxislogo_Gassner_Gst_hl.jpg\",\"contentUrl\":\"https:\\\/\\\/www.praxis-ilsegassner.li\\\/wp-content\\\/uploads\\\/2021\\\/04\\\/O-Praxislogo_Gassner_Gst_hl.jpg\",\"width\":827,\"height\":299,\"caption\":\"Naturheilpraxis Ilse Gassner\"},\"image\":{\"@id\":\"https:\\\/\\\/www.praxis-ilsegassner.li\\\/#\\\/schema\\\/logo\\\/image\\\/\"}}]}<\/script>\n<!-- \/ Yoast SEO plugin. -->","yoast_head_json":{"title":"Dorn Breuss Massage","description":"Bei der Wirbels\u00e4ulentherapie nach Dorn werden die Beinl\u00e4ngen kontrolliert und korrigiert. Gelenke, Becken und Wirbel werden durch sanften Druck wieder in ihre Position gebracht. Unterst\u00fctzt wird die Manipulation teilweise durch rhythmische, vom Patienten ausgef\u00fchrte Bewegungen, sodass die Wirbel wieder in die richtige Position gelangen.","robots":{"index":"index","follow":"follow","max-snippet":"max-snippet:-1","max-image-preview":"max-image-preview:large","max-video-preview":"max-video-preview:-1"},"canonical":"https:\/\/www.praxis-ilsegassner.li\/?page_id=464","og_locale":"de_DE","og_type":"article","og_title":"Dorn Breuss Massage","og_description":"Bei der Wirbels\u00e4ulentherapie nach Dorn werden die Beinl\u00e4ngen kontrolliert und korrigiert. Gelenke, Becken und Wirbel werden durch sanften Druck wieder in ihre Position gebracht. Unterst\u00fctzt wird die Manipulation teilweise durch rhythmische, vom Patienten ausgef\u00fchrte Bewegungen, sodass die Wirbel wieder in die richtige Position gelangen.","og_url":"https:\/\/www.praxis-ilsegassner.li\/?page_id=464","og_site_name":"Naturheilpraxis Ilse Gassner","article_modified_time":"2021-05-13T15:12:31+00:00","twitter_card":"summary_large_image","twitter_misc":{"Gesch\u00e4tzte Lesezeit":"1\u00a0Minute"},"schema":{"@context":"https:\/\/schema.org","@graph":[{"@type":"WebPage","@id":"https:\/\/www.praxis-ilsegassner.li\/?page_id=464","url":"https:\/\/www.praxis-ilsegassner.li\/?page_id=464","name":"Dorn Breuss Massage","isPartOf":{"@id":"https:\/\/www.praxis-ilsegassner.li\/#website"},"datePublished":"2021-04-16T20:28:02+00:00","dateModified":"2021-05-13T15:12:31+00:00","description":"Bei der Wirbels\u00e4ulentherapie nach Dorn werden die Beinl\u00e4ngen kontrolliert und korrigiert. Gelenke, Becken und Wirbel werden durch sanften Druck wieder in ihre Position gebracht. Unterst\u00fctzt wird die Manipulation teilweise durch rhythmische, vom Patienten ausgef\u00fchrte Bewegungen, sodass die Wirbel wieder in die richtige Position gelangen.","breadcrumb":{"@id":"https:\/\/www.praxis-ilsegassner.li\/?page_id=464#breadcrumb"},"inLanguage":"de","potentialAction":[{"@type":"ReadAction","target":["https:\/\/www.praxis-ilsegassner.li\/?page_id=464"]}]},{"@type":"BreadcrumbList","@id":"https:\/\/www.praxis-ilsegassner.li\/?page_id=464#breadcrumb","itemListElement":[{"@type":"ListItem","position":1,"name":"Startseite","item":"https:\/\/www.praxis-ilsegassner.li\/"},{"@type":"ListItem","position":2,"name":"Dorn-Breuss-Massage"}]},{"@type":"WebSite","@id":"https:\/\/www.praxis-ilsegassner.li\/#website","url":"https:\/\/www.praxis-ilsegassner.li\/","name":"Naturheilpraxis Ilse Gassner","description":"Gesundheit hat viele Facetten","publisher":{"@id":"https:\/\/www.praxis-ilsegassner.li\/#organization"},"potentialAction":[{"@type":"SearchAction","target":{"@type":"EntryPoint","urlTemplate":"https:\/\/www.praxis-ilsegassner.li\/?s={search_term_string}"},"query-input":{"@type":"PropertyValueSpecification","valueRequired":true,"valueName":"search_term_string"}}],"inLanguage":"de"},{"@type":"Organization","@id":"https:\/\/www.praxis-ilsegassner.li\/#organization","name":"Naturheilpraxis Ilse Gassner","url":"https:\/\/www.praxis-ilsegassner.li\/","logo":{"@type":"ImageObject","inLanguage":"de","@id":"https:\/\/www.praxis-ilsegassner.li\/#\/schema\/logo\/image\/","url":"https:\/\/www.praxis-ilsegassner.li\/wp-content\/uploads\/2021\/04\/O-Praxislogo_Gassner_Gst_hl.jpg","contentUrl":"https:\/\/www.praxis-ilsegassner.li\/wp-content\/uploads\/2021\/04\/O-Praxislogo_Gassner_Gst_hl.jpg","width":827,"height":299,"caption":"Naturheilpraxis Ilse Gassner"},"image":{"@id":"https:\/\/www.praxis-ilsegassner.li\/#\/schema\/logo\/image\/"}}]}},"_links":{"self":[{"href":"https:\/\/www.praxis-ilsegassner.li\/index.php?rest_route=\/wp\/v2\/pages\/464","targetHints":{"allow":["GET"]}}],"collection":[{"href":"https:\/\/www.praxis-ilsegassner.li\/index.php?rest_route=\/wp\/v2\/pages"}],"about":[{"href":"https:\/\/www.praxis-ilsegassner.li\/index.php?rest_route=\/wp\/v2\/types\/page"}],"author":[{"embeddable":true,"href":"https:\/\/www.praxis-ilsegassner.li\/index.php?rest_route=\/wp\/v2\/users\/1"}],"replies":[{"embeddable":true,"href":"https:\/\/www.praxis-ilsegassner.li\/index.php?rest_route=%2Fwp%2Fv2%2Fcomments&post=464"}],"version-history":[{"count":10,"href":"https:\/\/www.praxis-ilsegassner.li\/index.php?rest_route=\/wp\/v2\/pages\/464\/revisions"}],"predecessor-version":[{"id":1018,"href":"https:\/\/www.praxis-ilsegassner.li\/index.php?rest_route=\/wp\/v2\/pages\/464\/revisions\/1018"}],"wp:attachment":[{"href":"https:\/\/www.praxis-ilsegassner.li\/index.php?rest_route=%2Fwp%2Fv2%2Fmedia&parent=464"}],"curies":[{"name":"wp","href":"https:\/\/api.w.org\/{rel}","templated":true}]}}