{"id":474,"date":"2021-04-16T22:30:09","date_gmt":"2021-04-16T20:30:09","guid":{"rendered":"http:\/\/www.praxis-ilsegassner.com.li\/?page_id=474"},"modified":"2021-05-13T17:12:00","modified_gmt":"2021-05-13T15:12:00","slug":"fussreflexzonenmassage","status":"publish","type":"page","link":"https:\/\/www.praxis-ilsegassner.li\/?page_id=474","title":{"rendered":"Fussreflexzonenmassage"},"content":{"rendered":"\t\t<div data-elementor-type=\"wp-page\" data-elementor-id=\"474\" class=\"elementor elementor-474\">\n\t\t\t\t\t\t<section class=\"elementor-section elementor-top-section elementor-element elementor-element-cf8122f elementor-section-boxed elementor-section-height-default elementor-section-height-default\" data-id=\"cf8122f\" data-element_type=\"section\">\n\t\t\t\t\t\t\t<div class=\"elementor-background-overlay\"><\/div>\n\t\t\t\t\t\t\t<div class=\"elementor-container elementor-column-gap-default\">\n\t\t\t\t\t<div class=\"elementor-column elementor-col-100 elementor-top-column elementor-element elementor-element-9728c11\" data-id=\"9728c11\" data-element_type=\"column\">\n\t\t\t<div class=\"elementor-widget-wrap elementor-element-populated\">\n\t\t\t\t\t\t<div class=\"elementor-element elementor-element-744a6d6 elementor-widget elementor-widget-text-editor\" data-id=\"744a6d6\" data-element_type=\"widget\" data-widget_type=\"text-editor.default\">\n\t\t\t\t<div class=\"elementor-widget-container\">\n\t\t\t\t\t\t\t\t\t<h3>Fussreflexzonenmassage<\/h3><p>\u00a0<\/p><p>Die Fussreflexzonenmassage gab es schon bei den alten \u00c4gyptern, man liest dar\u00fcber in der alten chinesischen Heilkunde, in Indien und genauso im antiken Griechenland. Bei uns wurde sie durch Hanne Marquard, eine deutsche Masseurin und Heilpraktikerin, vor mehr als 50 Jahren bekannt.<\/p><p>\u00a0<\/p><p>Die F\u00fcsse reflektieren, wie beispielsweise auch das Ohr, den ganzen K\u00f6rper des Menschen mit all seinen Organen, Muskeln, Knochen, Gelenken etc. Dabei wird der Fuss wie eine Landkarte aufgegliedert und in verschiedene Zonen eingeteilt. So entspricht der Grosszehe dem Kopf, an der Innenkante der F\u00fcsse verl\u00e4uft die gesamte Wirbels\u00e4ule bis zum Kreuzbein, an der Fuss Aussenkante finden wir Schulter, Ellbogen, H\u00fcfte, Knie usw.<\/p><p>\u00a0<\/p><p>Bei der Fussreflexzonenmassage wird der ganze Fuss systematisch mit speziellen Grifftechniken durchgearbeitet, was sowohl als Hilfsmittel zur Diagnosestellung, aber auch zur Therapie eingesetzt werden kann. Sie geh\u00f6rt zu den sogenannten Umstimmungstherapien, was bedeutet, dass die Abwehrkr\u00e4fte und die Selbstheilung des Menschen aktiviert und das Immunsystem verbessert wird. Es kommt zu einer intensiven lokalen Mehrdurchblutung, Organfunktionen k\u00f6nnen verbessert und Schmerzzust\u00e4nde gelindert werden.<\/p><p>\u00a0<\/p><p>Bei Funktionsst\u00f6rungen von Organen, Kopfschmerz, Verdauungsbeschwerden, Menstruations- und Wechseljahrbeschwerden, Asthma, Kreislaufbeschwerden, Schlafst\u00f6rungen uvm. kann die Fussreflexzonentherapie eine wertvolle Unterst\u00fctzung sein. Zudem wird der Lymphfluss dabei verbessert und die Abwehrkraft des Menschen wird gest\u00e4rkt.<\/p><p>\u00a0<\/p><p>Die positive Wirkung erstreckt sich aber nicht nur auf den K\u00f6rper, sondern auch auf unsere Psyche. Die F\u00fcsse entsprechen unseren Wurzeln und sind Symbol f\u00fcr Stabilit\u00e4t und Standfestigkeit einerseits und Weiterbewegung andererseits. Demnach sind sie eine wertvolle Therapieerg\u00e4nzung bei Ersch\u00f6pfungszust\u00e4nden, Antriebslosigkeit, depressiven Verstimmungen, Orientierungslosigkeit, innere Unruhe und Nervosit\u00e4t uvm.<\/p><p>\u00a0<\/p><p>In unserer Praxis findet sie ihre Anwendung oft in Kombination mit anderen Methoden, wie Hom\u00f6opathie oder Phytotherapie.<\/p>\t\t\t\t\t\t\t\t<\/div>\n\t\t\t\t<\/div>\n\t\t\t\t\t<\/div>\n\t\t<\/div>\n\t\t\t\t\t<\/div>\n\t\t<\/section>\n\t\t\t\t<section class=\"elementor-section elementor-top-section elementor-element elementor-element-f40aa92 elementor-section-boxed elementor-section-height-default elementor-section-height-default\" data-id=\"f40aa92\" data-element_type=\"section\">\n\t\t\t\t\t\t<div class=\"elementor-container elementor-column-gap-default\">\n\t\t\t\t\t<div class=\"elementor-column elementor-col-100 elementor-top-column elementor-element elementor-element-67045c8\" data-id=\"67045c8\" data-element_type=\"column\">\n\t\t\t<div class=\"elementor-widget-wrap elementor-element-populated\">\n\t\t\t\t\t\t<div class=\"elementor-element elementor-element-a0d39b6 elementor-widget elementor-widget-text-editor\" data-id=\"a0d39b6\" data-element_type=\"widget\" data-widget_type=\"text-editor.default\">\n\t\t\t\t<div class=\"elementor-widget-container\">\n\t\t\t\t\t\t\t\t\t<p><a href=\"http:\/\/www.praxis-ilsegassner.li\/?page_id=438\">zur\u00fcck zur \u00dcbersicht<\/a><\/p>\t\t\t\t\t\t\t\t<\/div>\n\t\t\t\t<\/div>\n\t\t\t\t<div class=\"elementor-element elementor-element-8103c84 elementor-widget-divider--view-line elementor-widget elementor-widget-divider\" data-id=\"8103c84\" data-element_type=\"widget\" data-widget_type=\"divider.default\">\n\t\t\t\t<div class=\"elementor-widget-container\">\n\t\t\t\t\t\t\t<div class=\"elementor-divider\">\n\t\t\t<span class=\"elementor-divider-separator\">\n\t\t\t\t\t\t<\/span>\n\t\t<\/div>\n\t\t\t\t\t\t<\/div>\n\t\t\t\t<\/div>\n\t\t\t\t\t<\/div>\n\t\t<\/div>\n\t\t\t\t\t<\/div>\n\t\t<\/section>\n\t\t\t\t<section class=\"elementor-section elementor-top-section elementor-element elementor-element-15ff29f elementor-section-boxed elementor-section-height-default elementor-section-height-default\" data-id=\"15ff29f\" data-element_type=\"section\">\n\t\t\t\t\t\t<div class=\"elementor-container elementor-column-gap-default\">\n\t\t\t\t\t<div class=\"elementor-column elementor-col-100 elementor-top-column elementor-element elementor-element-72730df\" data-id=\"72730df\" data-element_type=\"column\">\n\t\t\t<div class=\"elementor-widget-wrap elementor-element-populated\">\n\t\t\t\t\t\t<div class=\"elementor-element elementor-element-fc90d60 elementor-widget__width-initial elementor-widget elementor-widget-text-editor\" data-id=\"fc90d60\" data-element_type=\"widget\" data-widget_type=\"text-editor.default\">\n\t\t\t\t<div class=\"elementor-widget-container\">\n\t\t\t\t\t\t\t\t\t<p>Naturheilpraxis Ilse Gassner-Gst\u00f6hl<br \/>Bahnstrasse 54<br \/>9494 Schaan<\/p><p>praxis@ilsegassner.li<br \/>+423 233 29 60<\/p>\t\t\t\t\t\t\t\t<\/div>\n\t\t\t\t<\/div>\n\t\t\t\t\t<\/div>\n\t\t<\/div>\n\t\t\t\t\t<\/div>\n\t\t<\/section>\n\t\t\t\t<\/div>\n\t\t","protected":false},"excerpt":{"rendered":"<p>Fussreflexzonenmassage \u00a0 Die Fussreflexzonenmassage gab es schon bei den alten \u00c4gyptern, man liest dar\u00fcber in der alten chinesischen Heilkunde, in Indien und genauso im antiken Griechenland. Bei uns wurde sie durch Hanne Marquard, eine deutsche Masseurin und Heilpraktikerin, vor mehr als 50 Jahren bekannt. \u00a0 Die F\u00fcsse reflektieren, wie beispielsweise auch das Ohr, den ganzen [&hellip;]<\/p>\n","protected":false},"author":1,"featured_media":0,"parent":0,"menu_order":0,"comment_status":"closed","ping_status":"closed","template":"elementor_header_footer","meta":{"footnotes":""},"class_list":["post-474","page","type-page","status-publish","hentry"],"yoast_head":"<!-- This site is optimized with the Yoast SEO plugin v27.4 - https:\/\/yoast.com\/product\/yoast-seo-wordpress\/ -->\n<title>Fuss Massage<\/title>\n<meta name=\"description\" content=\"Bei der Fussreflexzonenmassage wird der ganze Fuss systematisch mit speziellen Grifftechniken durchgearbeitet, was sowohl als Hilfsmittel zur Diagnosestellung, aber auch zur Therapie eingesetzt werden kann.\" \/>\n<meta name=\"robots\" content=\"index, follow, max-snippet:-1, max-image-preview:large, max-video-preview:-1\" \/>\n<link rel=\"canonical\" href=\"https:\/\/www.praxis-ilsegassner.li\/?page_id=474\" \/>\n<meta property=\"og:locale\" content=\"de_DE\" \/>\n<meta property=\"og:type\" content=\"article\" \/>\n<meta property=\"og:title\" content=\"Fuss Massage\" \/>\n<meta property=\"og:description\" content=\"Bei der Fussreflexzonenmassage wird der ganze Fuss systematisch mit speziellen Grifftechniken durchgearbeitet, was sowohl als Hilfsmittel zur Diagnosestellung, aber auch zur Therapie eingesetzt werden kann.\" \/>\n<meta property=\"og:url\" content=\"https:\/\/www.praxis-ilsegassner.li\/?page_id=474\" \/>\n<meta property=\"og:site_name\" content=\"Naturheilpraxis Ilse Gassner\" \/>\n<meta property=\"article:modified_time\" content=\"2021-05-13T15:12:00+00:00\" \/>\n<meta name=\"twitter:card\" content=\"summary_large_image\" \/>\n<meta name=\"twitter:label1\" content=\"Gesch\u00e4tzte Lesezeit\" \/>\n\t<meta name=\"twitter:data1\" content=\"2\u00a0Minuten\" \/>\n<script type=\"application\/ld+json\" class=\"yoast-schema-graph\">{\"@context\":\"https:\\\/\\\/schema.org\",\"@graph\":[{\"@type\":\"WebPage\",\"@id\":\"https:\\\/\\\/www.praxis-ilsegassner.li\\\/?page_id=474\",\"url\":\"https:\\\/\\\/www.praxis-ilsegassner.li\\\/?page_id=474\",\"name\":\"Fuss Massage\",\"isPartOf\":{\"@id\":\"https:\\\/\\\/www.praxis-ilsegassner.li\\\/#website\"},\"datePublished\":\"2021-04-16T20:30:09+00:00\",\"dateModified\":\"2021-05-13T15:12:00+00:00\",\"description\":\"Bei der Fussreflexzonenmassage wird der ganze Fuss systematisch mit speziellen Grifftechniken durchgearbeitet, was sowohl als Hilfsmittel zur Diagnosestellung, aber auch zur Therapie eingesetzt werden kann.\",\"breadcrumb\":{\"@id\":\"https:\\\/\\\/www.praxis-ilsegassner.li\\\/?page_id=474#breadcrumb\"},\"inLanguage\":\"de\",\"potentialAction\":[{\"@type\":\"ReadAction\",\"target\":[\"https:\\\/\\\/www.praxis-ilsegassner.li\\\/?page_id=474\"]}]},{\"@type\":\"BreadcrumbList\",\"@id\":\"https:\\\/\\\/www.praxis-ilsegassner.li\\\/?page_id=474#breadcrumb\",\"itemListElement\":[{\"@type\":\"ListItem\",\"position\":1,\"name\":\"Startseite\",\"item\":\"https:\\\/\\\/www.praxis-ilsegassner.li\\\/\"},{\"@type\":\"ListItem\",\"position\":2,\"name\":\"Fussreflexzonenmassage\"}]},{\"@type\":\"WebSite\",\"@id\":\"https:\\\/\\\/www.praxis-ilsegassner.li\\\/#website\",\"url\":\"https:\\\/\\\/www.praxis-ilsegassner.li\\\/\",\"name\":\"Naturheilpraxis Ilse Gassner\",\"description\":\"Gesundheit hat viele Facetten\",\"publisher\":{\"@id\":\"https:\\\/\\\/www.praxis-ilsegassner.li\\\/#organization\"},\"potentialAction\":[{\"@type\":\"SearchAction\",\"target\":{\"@type\":\"EntryPoint\",\"urlTemplate\":\"https:\\\/\\\/www.praxis-ilsegassner.li\\\/?s={search_term_string}\"},\"query-input\":{\"@type\":\"PropertyValueSpecification\",\"valueRequired\":true,\"valueName\":\"search_term_string\"}}],\"inLanguage\":\"de\"},{\"@type\":\"Organization\",\"@id\":\"https:\\\/\\\/www.praxis-ilsegassner.li\\\/#organization\",\"name\":\"Naturheilpraxis Ilse Gassner\",\"url\":\"https:\\\/\\\/www.praxis-ilsegassner.li\\\/\",\"logo\":{\"@type\":\"ImageObject\",\"inLanguage\":\"de\",\"@id\":\"https:\\\/\\\/www.praxis-ilsegassner.li\\\/#\\\/schema\\\/logo\\\/image\\\/\",\"url\":\"https:\\\/\\\/www.praxis-ilsegassner.li\\\/wp-content\\\/uploads\\\/2021\\\/04\\\/O-Praxislogo_Gassner_Gst_hl.jpg\",\"contentUrl\":\"https:\\\/\\\/www.praxis-ilsegassner.li\\\/wp-content\\\/uploads\\\/2021\\\/04\\\/O-Praxislogo_Gassner_Gst_hl.jpg\",\"width\":827,\"height\":299,\"caption\":\"Naturheilpraxis Ilse Gassner\"},\"image\":{\"@id\":\"https:\\\/\\\/www.praxis-ilsegassner.li\\\/#\\\/schema\\\/logo\\\/image\\\/\"}}]}<\/script>\n<!-- \/ Yoast SEO plugin. -->","yoast_head_json":{"title":"Fuss Massage","description":"Bei der Fussreflexzonenmassage wird der ganze Fuss systematisch mit speziellen Grifftechniken durchgearbeitet, was sowohl als Hilfsmittel zur Diagnosestellung, aber auch zur Therapie eingesetzt werden kann.","robots":{"index":"index","follow":"follow","max-snippet":"max-snippet:-1","max-image-preview":"max-image-preview:large","max-video-preview":"max-video-preview:-1"},"canonical":"https:\/\/www.praxis-ilsegassner.li\/?page_id=474","og_locale":"de_DE","og_type":"article","og_title":"Fuss Massage","og_description":"Bei der Fussreflexzonenmassage wird der ganze Fuss systematisch mit speziellen Grifftechniken durchgearbeitet, was sowohl als Hilfsmittel zur Diagnosestellung, aber auch zur Therapie eingesetzt werden kann.","og_url":"https:\/\/www.praxis-ilsegassner.li\/?page_id=474","og_site_name":"Naturheilpraxis Ilse Gassner","article_modified_time":"2021-05-13T15:12:00+00:00","twitter_card":"summary_large_image","twitter_misc":{"Gesch\u00e4tzte Lesezeit":"2\u00a0Minuten"},"schema":{"@context":"https:\/\/schema.org","@graph":[{"@type":"WebPage","@id":"https:\/\/www.praxis-ilsegassner.li\/?page_id=474","url":"https:\/\/www.praxis-ilsegassner.li\/?page_id=474","name":"Fuss Massage","isPartOf":{"@id":"https:\/\/www.praxis-ilsegassner.li\/#website"},"datePublished":"2021-04-16T20:30:09+00:00","dateModified":"2021-05-13T15:12:00+00:00","description":"Bei der Fussreflexzonenmassage wird der ganze Fuss systematisch mit speziellen Grifftechniken durchgearbeitet, was sowohl als Hilfsmittel zur Diagnosestellung, aber auch zur Therapie eingesetzt werden kann.","breadcrumb":{"@id":"https:\/\/www.praxis-ilsegassner.li\/?page_id=474#breadcrumb"},"inLanguage":"de","potentialAction":[{"@type":"ReadAction","target":["https:\/\/www.praxis-ilsegassner.li\/?page_id=474"]}]},{"@type":"BreadcrumbList","@id":"https:\/\/www.praxis-ilsegassner.li\/?page_id=474#breadcrumb","itemListElement":[{"@type":"ListItem","position":1,"name":"Startseite","item":"https:\/\/www.praxis-ilsegassner.li\/"},{"@type":"ListItem","position":2,"name":"Fussreflexzonenmassage"}]},{"@type":"WebSite","@id":"https:\/\/www.praxis-ilsegassner.li\/#website","url":"https:\/\/www.praxis-ilsegassner.li\/","name":"Naturheilpraxis Ilse Gassner","description":"Gesundheit hat viele Facetten","publisher":{"@id":"https:\/\/www.praxis-ilsegassner.li\/#organization"},"potentialAction":[{"@type":"SearchAction","target":{"@type":"EntryPoint","urlTemplate":"https:\/\/www.praxis-ilsegassner.li\/?s={search_term_string}"},"query-input":{"@type":"PropertyValueSpecification","valueRequired":true,"valueName":"search_term_string"}}],"inLanguage":"de"},{"@type":"Organization","@id":"https:\/\/www.praxis-ilsegassner.li\/#organization","name":"Naturheilpraxis Ilse Gassner","url":"https:\/\/www.praxis-ilsegassner.li\/","logo":{"@type":"ImageObject","inLanguage":"de","@id":"https:\/\/www.praxis-ilsegassner.li\/#\/schema\/logo\/image\/","url":"https:\/\/www.praxis-ilsegassner.li\/wp-content\/uploads\/2021\/04\/O-Praxislogo_Gassner_Gst_hl.jpg","contentUrl":"https:\/\/www.praxis-ilsegassner.li\/wp-content\/uploads\/2021\/04\/O-Praxislogo_Gassner_Gst_hl.jpg","width":827,"height":299,"caption":"Naturheilpraxis Ilse Gassner"},"image":{"@id":"https:\/\/www.praxis-ilsegassner.li\/#\/schema\/logo\/image\/"}}]}},"_links":{"self":[{"href":"https:\/\/www.praxis-ilsegassner.li\/index.php?rest_route=\/wp\/v2\/pages\/474","targetHints":{"allow":["GET"]}}],"collection":[{"href":"https:\/\/www.praxis-ilsegassner.li\/index.php?rest_route=\/wp\/v2\/pages"}],"about":[{"href":"https:\/\/www.praxis-ilsegassner.li\/index.php?rest_route=\/wp\/v2\/types\/page"}],"author":[{"embeddable":true,"href":"https:\/\/www.praxis-ilsegassner.li\/index.php?rest_route=\/wp\/v2\/users\/1"}],"replies":[{"embeddable":true,"href":"https:\/\/www.praxis-ilsegassner.li\/index.php?rest_route=%2Fwp%2Fv2%2Fcomments&post=474"}],"version-history":[{"count":10,"href":"https:\/\/www.praxis-ilsegassner.li\/index.php?rest_route=\/wp\/v2\/pages\/474\/revisions"}],"predecessor-version":[{"id":1015,"href":"https:\/\/www.praxis-ilsegassner.li\/index.php?rest_route=\/wp\/v2\/pages\/474\/revisions\/1015"}],"wp:attachment":[{"href":"https:\/\/www.praxis-ilsegassner.li\/index.php?rest_route=%2Fwp%2Fv2%2Fmedia&parent=474"}],"curies":[{"name":"wp","href":"https:\/\/api.w.org\/{rel}","templated":true}]}}